 3090. Calculate p(36).
210
Let v(p) = -p**3 + 11*p**2 + 157*p + 4. What is v(-8)?
-36
Let b(x) = 3*x + 52. Calculate b(-6).
34
Let u(j) = -17*j**2 + 2*j + 31. What is u(-4)?
-249
Let w(t) = t**3 - 153*t**2 - 799*t + 1430. What is w(158)?
8
Let y(j) = -9*j - 7. Calculate y(-14).
119
Let m(r) = -r**3 + 27*r**2 - 16*r + 1215. Calculate m(28).
-17
Let g(p) = 7*p**3 - 19*p**2 - 2*p - 30. Determine g(4).
106
Let v(m) = -296*m - 2064. Give v(-7).
8
Let y(s) = 2*s**3 + 4*s**2 - 15*s - 19. Give y(-5).
-94
Let o(z) = -z**2 - 11*z - 58. Give o(-10).
-48
Let b(a) = a**2 + 394*a - 2818. Determine b(7).
-11
Let i(o) = -5*o**2 + 46*o - 35. Determine i(10).
-75
Let o(z) = 2*z**3 + 26*z**2 - 82*z - 5. Calculate o(-16).
-229
Let k(r) = -3723*r + 33507. Give k(9).
0
Let t(j) = j**2 - 29*j + 202. Calculate t(19).
12
Let m(o) = 6*o**2 - 359*o - 837. Determine m(62).
-31
Let q(h) = 61*h - 149. What is q(-7)?
-576
Let o(u) = u**3 - 4*u**2 - 79*u + 394. Give o(8).
18
Let k(y) = y**2 + 5*y - 4831. Determine k(67).
-7
Let v(b) = b**3 - 10*b**2 - 21*b - 32. Determine v(12).
4
Let t(c) = 31*c - 233. What is t(8)?
15
Let z(b) = -b**3 - 59*b**2 - 632*b - 21. Give z(-14).
7
Let b(m) = m**3 + 98*m**2 + 180*m - 1167. Give b(-96).
-15
Let b(j) = j**3 + 15*j**2 + 58*j + 11. Determine b(-8).
-5
Let v(l) = -2*l**3 + 19*l**2 + 164*l + 37. Calculate v(15).
22
Let o(g) = 8*g**2 + 708*g + 358. Calculate o(-88).
6
Let c(g) = 3*g**2 + 31*g + 50. What is c(-8)?
-6
Let j(g) = 13*g - 310. Determine j(-14).
-492
Let h(s) = 2837*s - 14188. What is h(5)?
-3
Let d(r) = -r**2 + 39*r + 59. Calculate d(41).
-23
Let v(m) = -366*m - 6950. What is v(-19)?
4
Let s(n) = n**3 + 50*n**2 + 29*n - 982. Calculate s(-49).
-2
Let b(g) = g**3 + 8*g**2 - 42*g - 333. Calculate b(-8).
3
Let v(w) = -w**3 - 15*w**2 + 12*w + 12. Determine v(-15).
-168
Let d(t) = -14*t**2 + 679*t - 1353. What is d(2)?
-51
Let r(y) = 107*y - 668. Determine r(7).
81
Let b(x) = -3*x**3 + 65*x**2 + 34*x - 266. Give b(22).
-2
Let o(i) = -2*i**2 - 22*i + 16. What is o(-18)?
-236
Let u(m) = m**3 + 11*m**2 + 13*m + 43. What is u(-6)?
145
Let r(z) = z**2 - 72*z + 759. What is r(26)?
-437
Let d(x) = x**3 + 30*x**2 - 66*x - 2. Calculate d(-32).
62
Let q(w) = w**2 + 453*w - 2756. Determine q(6).
-2
Let z(d) = -3*d**3 + 11*d**2 - 19*d - 12. Give z(6).
-378
Let s(w) = 7*w**3 - 18*w**2 - 67*w + 141. Determine s(2).
-9
Let h(n) = n**3 + 71*n**2 + 328*n - 150. What is h(-66)?
-18
Let o(z) = -720*z**2 + 5*z - 6. Give o(1).
-721
Let a(m) = -151*m + 1644. What is a(11)?
-17
Let l(q) = -q**3 + 21*q**2 - 72*q - 8. Calculate l(4).
-24
Let v(x) = -36*x - 324. Calculate v(-7).
-72
Let u(r) = r**2 - 140*r + 2633. Determine u(21).
134
Let p(q) = q**3 - 20*q**2 - 427*q + 13. What is p(-13)?
-13
Let h(z) = -11*z - 215. Determine h(-8).
-127
Let o(g) = -2*g**3 + 43*g**2 + 347*g + 36. Calculate o(-6).
-66
Let p(z) = 4*z**3 - 21*z**2 + z + 2. Give p(5).
-18
Let q(p) = 38*p + 1050. Calculate q(-22).
214
Let o(x) = 224*x + 775. What is o(-5)?
-345
Let g(j) = -6*j**2 - 163*j - 31. Determine g(-27).
-4
Let y(b) = 94*b**3 + 12*b**2 + 23*b + 11. What is y(-1)?
-94
Let d(h) = -h**3 + 18*h**2 - 28*h - 35. Determine d(16).
29
Let k(g) = g**3 + 29*g**2 + 99*g + 7. Give k(-25).
32
Let o(j) = 203*j - 1237. Calculate o(6).
-19
Let k(b) = 3*b**3 + 34*b**2 + 3*b - 46. What is k(-11)?
42
Let s(f) = -f**3 + 34*f**2 + 82*f - 222. Give s(36).
138
Let g(h) = 5*h**2 + 127*h - 82. Give g(-26).
-4
Let g(i) = 3*i**3 - 651*i**2 - 12*i + 2610. Determine g(217).
6
Let q(p) = -p**3 + 3*p**2 - 3*p - 14. What is q(0)?
-14
Let x(v) = -308*v - 2477. Calculate x(-8).
-13
Let t(m) = -m**3 - 8*m**2 + 117*m + 47. What is t(-16)?
223
Let u(v) = -291*v + 1025. Determine u(5).
-430
Let c(k) = 11*k**3 - 231*k**2 - 9*k + 203. Calculate c(21).
14
Let q(l) = -l**3 + 86*l**2 - 161*l - 589. Calculate q(84).
-1
Let a(b) = 4*b**2 - 59*b + 20. Give a(15).
35
Let n(p) = -1318*p - 1333. Give n(-1).
-15
Let r(f) = -9*f**2 - 126*f - 155. Determine r(-14).
-155
Let j(n) = -26*n**3 - 8*n**2 + 4*n - 12. Give j(2).
-244
Let q(p) = -p**2 + 257*p - 3836. Calculate q(16).
20
Let w(m) = 68*m**2 - 42*m + 43. Determine w(1).
69
Let w(c) = c**3 + 17*c**2 + 111*c + 319. Give w(-8).
7
Let q(w) = -9*w**2 + 113*w - 15. Determine q(13).
-67
Let s(m) = -2*m**3 - 15*m**2 - 8*m - 128. Calculate s(-8).
0
Let h(g) = -2*g**2 - 57*g + 64. Give h(-26).
194
Let s(b) = b**3 - 26*b**2 - 72*b - 448. What is s(29)?
-13
Let g(f) = 853*f + 4259. What is g(-5)?
-6
Let p(s) = -14*s**2 + 350*s - 1045. Calculate p(3).
-121
Let b(t) = 311*t - 2495. Give b(8).
-7
Let z(m) = -119*m - 327. Calculate z(-3).
30
Let v(q) = 38*q**3 - 2*q**2 + 10*q + 11. Give v(-1).
-39
Let d(p) = p**2 + 30*p - 125. What is d(-35)?
50
Let v(q) = 129*q - 769. Give v(6).
5
Let w(g) = -g**3 + 132*g**2 - 1445*g + 602. Give w(120).
2
Let n(s) = -4*s**3 - 46*s**2 + 516*s + 11. Determine n(7).
-3
Let d(w) = 3*w**3 - 47*w**2 - 36*w + 305. Give d(16).
-15
Let u(i) = 71*i + 1562. Calculate u(-21).
71
Let g(z) = -153*z**3 + z**2 + 104*z + 104. Calculate g(-1).
154
Let t(k) = 3*k**2 + 30*k - 101. Calculate t(3).
16
Let a(l) = 2*l**2 - 19*l - 549. Give a(22).
1
Let z(b) = -560*b - 24635. Determine z(-44).
5
Let y(i) = -3*i**2 + 14*i + 152. Calculate y(-7).
-93
Let s(l) = 9*l - 8. What is s(3)?
19
Let u(b) = 128*b + 210. Calculate u(-2).
-46
Let z(u) = -u**3 - 130*u**2 + 406*u + 929. What is z(-133)?
-2
Let j(x) = -23*x + 39. Give j(14).
-283
Let j(a) = a**3 - 84*a**2 + 1615*a + 263. What is j(54)?
-7
Let v(b) = 1729*b - 6919. What is v(4)?
-3
Let t(v) = v**2 - 100*v + 2118. What is t(30)?
18
Let p(s) = s**3 - 18*s**2 + 708*s - 11783. Give p(17).
-36
Let f(l) = 351*l + 2016. Give f(-6).
-90
Let w(g) = 9*g**3 - 3*g**2 + 25*g + 53. What is w(-3)?
-292
Let h(i) = 42*i**2 + 7*i + 3. What is h(1)?
52
Let d(s) = -s**2 - 17*s - 120. Calculate d(-10).
-50
Let x(r) = -25*r**2 - 237*r + 63. Give x(-9).
171
Let h(m) = -m**2 + 18*m - 70. Give h(11).
7
Let z(u) = -40*u**2 - 22*u - 23. Determine z(-1).
-41
Let k(i) = -7*i**2 + 171*i - 869. Give k(7).
-15
Let x(v) = v**3 + 4*v**2 - 43*v + 10. Determine x(-8).
98
Let h(b) = 13*b + 381. Give h(-30).
-9
Let n(i) = i**3 - 14*i**2 + 278*i - 4917. What is n(16)?
43
Let h(y) = -4*y**3 + y**2 + 98. Determine h(5).
-377
Let r(z) = 177*z + 268. Calculate r(4).
976
Let w(a) = 21*a**3 - 88*a**2 + 7*a + 1. Determine w(4).
-35
Let v(x) = -x**2 - 3*x + 353. Calculate v(17).
13
Let b(c) = -14*c - 210. What is b(-9)?
-84
Let v(y) = 19*y + 113. Give v(-32).
-495
Let p(h) = -17*h + 2221. Give p(133).
-40
Let u(m) = 3*m**2 - 22*m - 2721. What is u(34)?
-1
Let i(g) = 93*g - 415. Give i(7).
236
Let g(z) = -2*z**2 + 146*z + 1493. Determine g(82).
17
Let a(b) = b**2 - 44*b - 6937. Calculate a(108).
-25
Let x(y) = y**2 + 423*y - 3026. What is x(7)?
-16
Let o(q) = -q**3 - 39*q**2 - 39*q - 45. Determine o(-38).
-7
Let l(n) = -908*n - 9085. Give l(-10).
-5
Let s(x) = -31068*x - 186404. Calculate s(-6).
4
Let g(m) = m**3 - 3*m**2 - 13*m - 15. Determine g(-4).
-75
Let s(f) = -13*f - 331. Determine s(-72).
605
Let g(t) = -30*t - 155. What is g(-6)?
25
Let i(u) = -15*u - 117. Give i(-7).
-12
Let i(z) = z**3 - 3*z**2 + 8*z - 1145. Give i(0).
-1145
Let x(j) = -j**3 + 18*j**2 - 31*j - 11. Determine x(16).
5
Let r(m) = 173*m - 23358. Calculate r(135).
-3
Let w(g) = -g**3 + 31*g**2 + 237*g + 1098. Determine w(38).
-4
Let v(w) = 2*w**3 + 13*w**2 - 23*w - 161. Calculate v(-6).
13
Let g(l) = -18*l - 1457. Give g(-80).
-17
Let p(o) = 199*o - 47756. Calculate p(240).
4
Let x(l) = -6*l**2 - 26*l + 8. Calculate x(-7).
-104
Let h(o) = 2*o**2 + 183*o + 1229. Give h(-84).
-31
Let z(q) = 1126*q - 4512. What is z(4)?
-8
Let y(c) = c**3 + 9*c**2 + 10*c + 15. Give y(-9).
-75
Let z(c) = -53*c + 2039. Calculate z(40).
-81
Let n(k) = -2*k**2 + 1023*k + 1. Give n(0).
1
Let r(o) = 173*o + 3475. Determine r(-20).
15
Let g(h) = -h**2 - 1184*h - 2363. What is g(-2)?
1
Let d(v) = v**3 + 6*v**2 + 29*v + 104. Calculate d(-4).
20
Let g(f) = 2*f**3 - 19*f**2 - 15*f + 193. What is g(9)?
-23
Let h(t) = -90*t**2 + 185*t + 2. What is h(2)?
12
Let l(h) = -h**3 + 19*h**2 + 106*h - 343. Give l(23).
-21
Let p(b) = 2*b**3 - 30*b**2 + 80*b + 52. Calculate p(11).
-36
Let s(l) = -l**3 + 4*l**2 + 78*l - 38. What is s(11)?